{"id":1015,"date":"2021-10-11T05:05:31","date_gmt":"2021-10-11T03:05:31","guid":{"rendered":"https:\/\/naticiudad.es\/index.php\/contact\/"},"modified":"2023-11-10T15:52:17","modified_gmt":"2023-11-10T14:52:17","slug":"https-www-facebook-com-profile-phpid100004190987005","status":"publish","type":"page","link":"https:\/\/naticiudad.es\/index.php\/https-www-facebook-com-profile-phpid100004190987005\/","title":{"rendered":"Contacta"},"content":{"rendered":"\n<div class=\"wp-block-uagb-container uagb-block-407a5183 alignfull uagb-is-root-container\"><div class=\"uagb-container-inner-blocks-wrap\">\n<div class=\"wp-block-uagb-advanced-heading uagb-block-592c3063\"><h1 class=\"uagb-heading-text\">Cont\u00e1ctanos<\/h1><div class=\"uagb-separator\"><\/div><\/div>\n<\/div><\/div>\n\n\n\n<div class=\"wp-block-uagb-container uagb-block-25f7d8ea alignfull uagb-is-root-container\"><div class=\"uagb-container-inner-blocks-wrap\">\n<div class=\"wp-block-uagb-container uagb-block-bd98441f\">\n<div class=\"wp-block-uagb-info-box uagb-block-ce92bde7 uagb-infobox__content-wrap  uagb-infobox-icon-left uagb-infobox-left uagb-infobox-image-valign-top\"><div class=\"uagb-ifb-icon-wrap\"><div class=\"uagb-iconbox-icon-wrap uagb-infobox-shape-circle\"><svg xmlns=\"https:\/\/www.w3.org\/2000\/svg\" viewBox=\"0 0 576 512\"><path d=\"M408 120C408 174.6 334.9 271.9 302.8 311.1C295.1 321.6 280.9 321.6 273.2 311.1C241.1 271.9 168 174.6 168 120C168 53.73 221.7 0 288 0C354.3 0 408 53.73 408 120zM288 152C310.1 152 328 134.1 328 112C328 89.91 310.1 72 288 72C265.9 72 248 89.91 248 112C248 134.1 265.9 152 288 152zM425.6 179.8C426.1 178.6 426.6 177.4 427.1 176.1L543.1 129.7C558.9 123.4 576 135 576 152V422.8C576 432.6 570 441.4 560.9 445.1L416 503V200.4C419.5 193.5 422.7 186.7 425.6 179.8zM150.4 179.8C153.3 186.7 156.5 193.5 160 200.4V451.8L32.91 502.7C17.15 508.1 0 497.4 0 480.4V209.6C0 199.8 5.975 190.1 15.09 187.3L137.6 138.3C140 152.5 144.9 166.6 150.4 179.8H150.4zM327.8 331.1C341.7 314.6 363.5 286.3 384 255V504.3L192 449.4V255C212.5 286.3 234.3 314.6 248.2 331.1C268.7 357.6 307.3 357.6 327.8 331.1L327.8 331.1z\"><\/path><\/svg><\/div><\/div><div class=\"uagb-ifb-content\"><div class=\"uagb-ifb-title-wrap\"><h5 class=\"uagb-ifb-title\">Tienda<\/h5><\/div><p class=\"uagb-ifb-desc\">C\/ Carlos Marx 22 local 2-32. Entrada por calle polvero<\/p><\/div><\/div>\n<\/div>\n\n\n\n<div class=\"wp-block-uagb-container uagb-block-7dab9730\">\n<div class=\"wp-block-uagb-info-box uagb-block-eb879dd8 uagb-infobox__content-wrap  uagb-infobox-icon-left uagb-infobox-left uagb-infobox-image-valign-top\"><div class=\"uagb-ifb-icon-wrap\"><div class=\"uagb-iconbox-icon-wrap uagb-infobox-shape-circle\"><svg xmlns=\"https:\/\/www.w3.org\/2000\/svg\" viewBox=\"0 0 512 512\"><path d=\"M18.92 351.2l108.5-46.52c12.78-5.531 27.77-1.801 36.45 8.98l44.09 53.82c69.25-34 125.5-90.31 159.5-159.5l-53.81-44.04c-10.75-8.781-14.41-23.69-8.974-36.47l46.51-108.5c6.094-13.91 21.1-21.52 35.79-18.11l100.8 23.25c14.25 3.25 24.22 15.8 24.22 30.46c0 252.3-205.2 457.5-457.5 457.5c-14.67 0-27.18-9.968-30.45-24.22l-23.25-100.8C-2.571 372.4 5.018 357.2 18.92 351.2z\"><\/path><\/svg><\/div><\/div><div class=\"uagb-ifb-content\"><div class=\"uagb-ifb-title-wrap\"><h5 class=\"uagb-ifb-title\">Tel\u00e9fono <\/h5><\/div><p class=\"uagb-ifb-desc\">+34 678050534<\/p><\/div><\/div>\n<\/div>\n\n\n\n<div class=\"wp-block-uagb-container uagb-block-4958758d\">\n<div class=\"wp-block-uagb-info-box uagb-block-faea9f93 uagb-infobox__content-wrap  uagb-infobox-icon-left uagb-infobox-left uagb-infobox-image-valign-top\"><div class=\"uagb-ifb-icon-wrap\"><div class=\"uagb-iconbox-icon-wrap uagb-infobox-shape-circle\"><svg xmlns=\"https:\/\/www.w3.org\/2000\/svg\" viewBox=\"0 0 512 512\"><path d=\"M464 64C490.5 64 512 85.49 512 112C512 127.1 504.9 141.3 492.8 150.4L275.2 313.6C263.8 322.1 248.2 322.1 236.8 313.6L19.2 150.4C7.113 141.3 0 127.1 0 112C0 85.49 21.49 64 48 64H464zM217.6 339.2C240.4 356.3 271.6 356.3 294.4 339.2L512 176V384C512 419.3 483.3 448 448 448H64C28.65 448 0 419.3 0 384V176L217.6 339.2z\"><\/path><\/svg><\/div><\/div><div class=\"uagb-ifb-content\"><div class=\"uagb-ifb-title-wrap\"><h5 class=\"uagb-ifb-title\">Email<\/h5><\/div><p class=\"uagb-ifb-desc\"><a href=\"mailto:naticiudad@gmail.com\">naticiudad@gmail.com<\/a><\/p><\/div><\/div>\n<\/div>\n<\/div><\/div>\n\n\n\n<div class=\"wp-block-uagb-container uagb-block-eb5bc990 alignfull uagb-is-root-container\"><div class=\"uagb-container-inner-blocks-wrap\">\n<iframe src=\"https:\/\/www.google.com\/maps\/embed?pb=!1m18!1m12!1m3!1d3170.3641487660843!2d-5.955783123527099!3d37.38121967208728!2m3!1f0!2f0!3f0!3m2!1i1024!2i768!4f13.1!3m3!1m2!1s0xd126ee838aa236d%3A0xd551da20b7629d62!2sC.%20Carlos%20Marx%2C%2022%2C%20local%202-32%2C%2041006%20Sevilla!5e0!3m2!1ses!2ses!4v1699627919470!5m2!1ses!2ses\" width=\"600\" height=\"450\" style=\"border:0;\" allowfullscreen=\"\" loading=\"lazy\" referrerpolicy=\"no-referrer-when-downgrade\"><\/iframe>\n<\/div><\/div>\n\n\n\n<div class=\"wp-block-uagb-container uagb-block-1b1eecef alignfull uagb-is-root-container\"><div class=\"uagb-container-inner-blocks-wrap\">\n<div class=\"wp-block-uagb-container uagb-block-82a983ed\">\n<div class=\"wp-block-uagb-advanced-heading uagb-block-39ae9de6\"><h3 class=\"uagb-heading-text\">Mantente en Contacto<\/h3><p class=\"uagb-desc-text\">\u00a1Cont\u00e1ctanos para m\u00e1s informaci\u00f3n!<\/p><\/div>\n\n\n\n<div class=\"wp-block-uagb-advanced-heading uagb-block-f21bbdde\"><h5 class=\"uagb-heading-text\">Customer Service<\/h5><\/div>\n\n\n\n<div class=\"wp-block-uagb-icon-list uagb-block-f09725cf\"><div class=\"uagb-icon-list__wrap\">\n<div class=\"wp-block-uagb-icon-list-child uagb-block-2f60fd43\"><a target=\"_self\" aria-label=\"naticiudad@gmail.com\" rel=\"noopener noreferrer\" href=\"#\"> <\/a><span class=\"uagb-icon-list__source-wrap\"><svg xmlns=\"https:\/\/www.w3.org\/2000\/svg\" viewBox=\"0 0 512 512\"><path d=\"M464 64C490.5 64 512 85.49 512 112C512 127.1 504.9 141.3 492.8 150.4L275.2 313.6C263.8 322.1 248.2 322.1 236.8 313.6L19.2 150.4C7.113 141.3 0 127.1 0 112C0 85.49 21.49 64 48 64H464zM217.6 339.2C240.4 356.3 271.6 356.3 294.4 339.2L512 176V384C512 419.3 483.3 448 448 448H64C28.65 448 0 419.3 0 384V176L217.6 339.2z\"><\/path><\/svg><\/span><span class=\"uagb-icon-list__label\">naticiudad@gmail.com<\/span><\/div>\n\n\n\n<div class=\"wp-block-uagb-icon-list-child uagb-block-fb0bb82b\"><a target=\"_self\" aria-label=\"+34 678050534\" rel=\"noopener noreferrer\" href=\"#\"> <\/a><span class=\"uagb-icon-list__source-wrap\"><svg xmlns=\"https:\/\/www.w3.org\/2000\/svg\" viewBox=\"0 0 512 512\"><path d=\"M18.92 351.2l108.5-46.52c12.78-5.531 27.77-1.801 36.45 8.98l44.09 53.82c69.25-34 125.5-90.31 159.5-159.5l-53.81-44.04c-10.75-8.781-14.41-23.69-8.974-36.47l46.51-108.5c6.094-13.91 21.1-21.52 35.79-18.11l100.8 23.25c14.25 3.25 24.22 15.8 24.22 30.46c0 252.3-205.2 457.5-457.5 457.5c-14.67 0-27.18-9.968-30.45-24.22l-23.25-100.8C-2.571 372.4 5.018 357.2 18.92 351.2z\"><\/path><\/svg><\/span><span class=\"uagb-icon-list__label\">+34 678050534<\/span><\/div>\n\n\n\n<div class=\"wp-block-uagb-icon-list-child uagb-block-30c42982\"><a target=\"_self\" aria-label=\"Mon- Sat:10:00 AM - 20:00 PM\" rel=\"noopener noreferrer\" href=\"#\"> <\/a><span class=\"uagb-icon-list__source-wrap\"><svg xmlns=\"https:\/\/www.w3.org\/2000\/svg\" viewBox=\"0 0 512 512\"><path d=\"M256 512C114.6 512 0 397.4 0 256C0 114.6 114.6 0 256 0C397.4 0 512 114.6 512 256C512 397.4 397.4 512 256 512zM232 256C232 264 236 271.5 242.7 275.1L338.7 339.1C349.7 347.3 364.6 344.3 371.1 333.3C379.3 322.3 376.3 307.4 365.3 300L280 243.2V120C280 106.7 269.3 96 255.1 96C242.7 96 231.1 106.7 231.1 120L232 256z\"><\/path><\/svg><\/span><span class=\"uagb-icon-list__label\">Mon- Sat:<br>10:00 AM &#8211; 20:00 PM<\/span><\/div>\n<\/div><\/div>\n\n\n\n<div class=\"wp-block-uagb-advanced-heading uagb-block-b38e8e00\"><h5 class=\"uagb-heading-text\">Social Media<\/h5><\/div>\n\n\n\n<div class=\"wp-block-uagb-social-share uagb-social-share__outer-wrap uagb-social-share__layout-horizontal uagb-block-9e26e420\">\n<div class=\"wp-block-uagb-social-share-child uagb-ss-repeater uagb-ss__wrapper uagb-block-c545c949\"><span class=\"uagb-ss__link\" data-href=\"https:\/\/www.facebook.com\/sharer.php?u=\" tabindex=\"0\" role=\"button\" aria-label=\"facebook\"><span class=\"uagb-ss__source-wrap\"><span class=\"uagb-ss__source-icon\"><svg xmlns=\"https:\/\/www.facebook.com\/people\/Nati-Ciudad\/pfbid02jE4b2nnFtAhj21S5kpX8f9DsgEWoF3yh7SkjBMCXoxSDEG3oZgb7tama3cyUQG7Cl\/\" viewBox=\"0 0 512 512\"><path d=\"M504 256C504 119 393 8 256 8S8 119 8 256c0 123.8 90.69 226.4 209.3 245V327.7h-63V256h63v-54.64c0-62.15 37-96.48 93.67-96.48 27.14 0 55.52 4.84 55.52 4.84v61h-31.28c-30.8 0-40.41 19.12-40.41 38.73V256h68.78l-11 71.69h-57.78V501C413.3 482.4 504 379.8 504 256z\"><\/path><\/svg><\/span><\/span><\/span><\/div>\n\n\n\n<div class=\"wp-block-uagb-social-share-child uagb-ss-repeater uagb-ss__wrapper uagb-block-7f4b0ebd\"><span class=\"uagb-ss__link\" data-href=\"https:\/\/www.tiktok.com\/@naaticiudad?_t=8gvQ35Ul5lZ&#038;_r=1\" tabindex=\"0\" role=\"button\" aria-label=\"pinterest\"><span class=\"uagb-ss__source-wrap\"><span class=\"uagb-ss__source-icon\"><svg xmlns=\"https:\/\/www.w3.org\/2000\/svg\" viewBox=\"0 0 448 512\"><path d=\"M448 209.9a210.1 210.1 0 0 1 -122.8-39.25V349.4A162.6 162.6 0 1 1 185 188.3V278.2a74.62 74.62 0 1 0 52.23 71.18V0l88 0a121.2 121.2 0 0 0 1.86 22.17h0A122.2 122.2 0 0 0 381 102.4a121.4 121.4 0 0 0 67 20.14z\"><\/path><\/svg><\/span><\/span><\/span><\/div>\n\n\n\n<div class=\"wp-block-uagb-social-share-child uagb-ss-repeater uagb-ss__wrapper uagb-block-9962cc19\"><span class=\"uagb-ss__link\" data-href=\"https:\/\/instagram.com\/naticiudad?igshid=OGQ5ZDc2ODk2ZA%3D%3D&#038;utm_source=qr\" tabindex=\"0\" role=\"button\" aria-label=\"twitter\"><span class=\"uagb-ss__source-wrap\"><span class=\"uagb-ss__source-icon\"><svg xmlns=\"https:\/\/www.w3.org\/2000\/svg\" viewBox=\"0 0 448 512\"><path d=\"M224.1 141c-63.6 0-114.9 51.3-114.9 114.9s51.3 114.9 114.9 114.9S339 319.5 339 255.9 287.7 141 224.1 141zm0 189.6c-41.1 0-74.7-33.5-74.7-74.7s33.5-74.7 74.7-74.7 74.7 33.5 74.7 74.7-33.6 74.7-74.7 74.7zm146.4-194.3c0 14.9-12 26.8-26.8 26.8-14.9 0-26.8-12-26.8-26.8s12-26.8 26.8-26.8 26.8 12 26.8 26.8zm76.1 27.2c-1.7-35.9-9.9-67.7-36.2-93.9-26.2-26.2-58-34.4-93.9-36.2-37-2.1-147.9-2.1-184.9 0-35.8 1.7-67.6 9.9-93.9 36.1s-34.4 58-36.2 93.9c-2.1 37-2.1 147.9 0 184.9 1.7 35.9 9.9 67.7 36.2 93.9s58 34.4 93.9 36.2c37 2.1 147.9 2.1 184.9 0 35.9-1.7 67.7-9.9 93.9-36.2 26.2-26.2 34.4-58 36.2-93.9 2.1-37 2.1-147.8 0-184.8zM398.8 388c-7.8 19.6-22.9 34.7-42.6 42.6-29.5 11.7-99.5 9-132.1 9s-102.7 2.6-132.1-9c-19.6-7.8-34.7-22.9-42.6-42.6-11.7-29.5-9-99.5-9-132.1s-2.6-102.7 9-132.1c7.8-19.6 22.9-34.7 42.6-42.6 29.5-11.7 99.5-9 132.1-9s102.7-2.6 132.1 9c19.6 7.8 34.7 22.9 42.6 42.6 11.7 29.5 9 99.5 9 132.1s2.7 102.7-9 132.1z\"><\/path><\/svg><\/span><\/span><\/span><\/div>\n<\/div>\n<\/div>\n\n\n\n<div class=\"wp-block-uagb-container uagb-block-e91986cc\">\n<div class=\"wp-block-uagb-advanced-heading uagb-block-b38a5c2e\"><h4 class=\"uagb-heading-text\">\u00bfTienes alguna pregunta?<\/h4><\/div>\n\n\n<div class=\"wpforms-container wpforms-block wpforms-block-56c2d914-7343-41d0-b432-7e5a52f6120d\" id=\"wpforms-254\"><form id=\"wpforms-form-254\" class=\"wpforms-validate wpforms-form\" data-formid=\"254\" method=\"post\" enctype=\"multipart\/form-data\" action=\"\/index.php\/wp-json\/wp\/v2\/pages\/1015\" data-token=\"81dfe2f02b3a30a85f4c46d1dc7e8ba4\" data-token-time=\"1775261754\"><noscript class=\"wpforms-error-noscript\">Por favor, activa JavaScript en tu navegador para completar este formulario.<\/noscript><div class=\"wpforms-field-container\"><div id=\"wpforms-254-field_0-container\" class=\"wpforms-field wpforms-field-name\" data-field-id=\"0\"><label class=\"wpforms-field-label\" for=\"wpforms-254-field_0\">Name <span class=\"wpforms-required-label\">*<\/span><\/label><input type=\"text\" id=\"wpforms-254-field_0\" class=\"wpforms-field-large wpforms-field-required\" name=\"wpforms[fields][0]\" required><\/div><div id=\"wpforms-254-field_1-container\" class=\"wpforms-field wpforms-field-email\" data-field-id=\"1\"><label class=\"wpforms-field-label\" for=\"wpforms-254-field_1\">Email <span class=\"wpforms-required-label\">*<\/span><\/label><input type=\"email\" id=\"wpforms-254-field_1\" class=\"wpforms-field-large wpforms-field-required\" name=\"wpforms[fields][1]\" spellcheck=\"false\" required><\/div><div id=\"wpforms-254-field_2-container\" class=\"wpforms-field wpforms-field-textarea\" data-field-id=\"2\"><label class=\"wpforms-field-label\" for=\"wpforms-254-field_2\">Comment or Message <span class=\"wpforms-required-label\">*<\/span><\/label><textarea id=\"wpforms-254-field_2\" class=\"wpforms-field-medium wpforms-field-required\" name=\"wpforms[fields][2]\" required><\/textarea><\/div><\/div><!-- .wpforms-field-container --><div class=\"wpforms-submit-container\" ><input type=\"hidden\" name=\"wpforms[id]\" value=\"254\"><input type=\"hidden\" name=\"page_title\" value=\"\"><input type=\"hidden\" name=\"page_url\" value=\"https:\/\/naticiudad.es\/index.php\/wp-json\/wp\/v2\/pages\/1015\"><input type=\"hidden\" name=\"url_referer\" value=\"\"><button type=\"submit\" name=\"wpforms[submit]\" id=\"wpforms-submit-254\" class=\"wpforms-submit\" data-alt-text=\"Sending...\" data-submit-text=\"Submit\" aria-live=\"assertive\" value=\"wpforms-submit\">Submit<\/button><\/div><\/form><\/div>  <!-- .wpforms-container --><\/div>\n<\/div><\/div>\n\n\n\n<div class=\"wp-block-uagb-container uagb-block-7cb013a0 alignfull uagb-is-root-container\"><div class=\"uagb-container-inner-blocks-wrap\">\n<div class=\"wp-block-uagb-info-box uagb-block-7b3f0b60 uagb-infobox__content-wrap  uagb-infobox-icon-above-title uagb-infobox-image-valign-top\"><div class=\"uagb-ifb-content\"><div class=\"uagb-ifb-icon-wrap\"><svg xmlns=\"https:\/\/www.w3.org\/2000\/svg\" viewBox=\"0 0 640 512\"><path d=\"M112 0C85.49 0 64 21.49 64 48V96H16C7.163 96 0 103.2 0 112C0 120.8 7.163 128 16 128H272C280.8 128 288 135.2 288 144C288 152.8 280.8 160 272 160H48C39.16 160 32 167.2 32 176C32 184.8 39.16 192 48 192H240C248.8 192 256 199.2 256 208C256 216.8 248.8 224 240 224H16C7.163 224 0 231.2 0 240C0 248.8 7.163 256 16 256H208C216.8 256 224 263.2 224 272C224 280.8 216.8 288 208 288H64V416C64 469 106.1 512 160 512C213 512 256 469 256 416H384C384 469 426.1 512 480 512C533 512 576 469 576 416H608C625.7 416 640 401.7 640 384C640 366.3 625.7 352 608 352V237.3C608 220.3 601.3 204 589.3 192L512 114.7C499.1 102.7 483.7 96 466.7 96H416V48C416 21.49 394.5 0 368 0H112zM544 237.3V256H416V160H466.7L544 237.3zM160 464C133.5 464 112 442.5 112 416C112 389.5 133.5 368 160 368C186.5 368 208 389.5 208 416C208 442.5 186.5 464 160 464zM528 416C528 442.5 506.5 464 480 464C453.5 464 432 442.5 432 416C432 389.5 453.5 368 480 368C506.5 368 528 389.5 528 416z\"><\/path><\/svg><\/div><div class=\"uagb-ifb-title-wrap\"><h6 class=\"uagb-ifb-title\">Free shipping<\/h6><\/div><p class=\"uagb-ifb-desc\">En Naticiudad nos preocupamos por entregar tus productos de manera r\u00e1pida y segura. Trabajamos con los mejores servicios de env\u00edo para garantizar que recibas tus prendas flamencas en perfectas condiciones y en el menor tiempo posible<\/p><\/div><\/div>\n\n\n\n<div class=\"wp-block-uagb-container uagb-block-2cfdeb3d\">\n\n\n<div class=\"wp-block-uagb-info-box uagb-block-d1e5871a uagb-infobox__content-wrap  uagb-infobox-icon-above-title uagb-infobox-image-valign-top\"><div class=\"uagb-ifb-content\"><div class=\"uagb-ifb-icon-wrap\"><svg xmlns=\"https:\/\/www.w3.org\/2000\/svg\" viewBox=\"0 0 512 512\"><path d=\"M480 256c0 123.4-100.5 223.9-223.9 223.9c-48.86 0-95.19-15.58-134.2-44.86c-14.14-10.59-17-30.66-6.391-44.81c10.61-14.09 30.69-16.97 44.8-6.375c27.84 20.91 61 31.94 95.89 31.94C344.3 415.8 416 344.1 416 256s-71.67-159.8-159.8-159.8C205.9 96.22 158.6 120.3 128.6 160H192c17.67 0 32 14.31 32 32S209.7 224 192 224H48c-17.67 0-32-14.31-32-32V48c0-17.69 14.33-32 32-32s32 14.31 32 32v70.23C122.1 64.58 186.1 32.11 256.1 32.11C379.5 32.11 480 132.6 480 256z\"><\/path><\/svg><\/div><div class=\"uagb-ifb-title-wrap\"><h6 class=\"uagb-ifb-title\">Devoluciones<\/h6><\/div><p class=\"uagb-ifb-desc\">En Naticiudad nos preocupamos por la satisfacci\u00f3n de nuestros clientes. Si por alguna raz\u00f3n no estas satisfecho con tu compra, ofrecemos un proceso sencillo de devoluci\u00f3n. Consulta nuestra pol\u00edtica de devoluciones para obtener m\u00e1s informaci\u00f3n<\/p><\/div><\/div>\n<\/div>\n<\/div><\/div>\n","protected":false},"excerpt":{"rendered":"<p>Cont\u00e1ctanos<\/p>\n","protected":false},"author":1,"featured_media":0,"parent":0,"menu_order":0,"comment_status":"closed","ping_status":"closed","template":"","meta":{"om_disable_all_campaigns":false,"_uag_custom_page_level_css":"","_monsterinsights_skip_tracking":false,"_monsterinsights_sitenote_active":false,"_monsterinsights_sitenote_note":"","_monsterinsights_sitenote_category":0,"site-sidebar-layout":"no-sidebar","site-content-layout":"page-builder","ast-site-content-layout":"full-width-container","site-content-style":"unboxed","site-sidebar-style":"unboxed","ast-global-header-display":"","ast-banner-title-visibility":"","ast-main-header-display":"","ast-hfb-above-header-display":"","ast-hfb-below-header-display":"","ast-hfb-mobile-header-display":"","site-post-title":"disabled","ast-breadcrumbs-content":"","ast-featured-img":"disabled","footer-sml-layout":"","theme-transparent-header-meta":"default","adv-header-id-meta":"","stick-header-meta":"","header-above-stick-meta":"","header-main-stick-meta":"","header-below-stick-meta":"","astra-migrate-meta-layouts":"set","footnotes":""},"class_list":["post-1015","page","type-page","status-publish","hentry"],"yoast_head":"<!-- This site is optimized with the Yoast SEO plugin v27.3 - https:\/\/yoast.com\/product\/yoast-seo-wordpress\/ -->\n<title>Contacta | Nati Ciudad Moda Baile Flamenco<\/title>\n<meta name=\"robots\" content=\"index, follow, max-snippet:-1, max-image-preview:large, max-video-preview:-1\" \/>\n<link rel=\"canonical\" href=\"https:\/\/naticiudad.es\/index.php\/https-www-facebook-com-profile-phpid100004190987005\/\" \/>\n<meta property=\"og:locale\" content=\"es_ES\" \/>\n<meta property=\"og:type\" content=\"article\" \/>\n<meta property=\"og:title\" content=\"Contacta | Nati Ciudad Moda Baile Flamenco\" \/>\n<meta property=\"og:description\" content=\"Cont\u00e1ctanos\" \/>\n<meta property=\"og:url\" content=\"https:\/\/naticiudad.es\/index.php\/https-www-facebook-com-profile-phpid100004190987005\/\" \/>\n<meta property=\"og:site_name\" content=\"Nati Ciudad Moda Baile Flamenco\" \/>\n<meta property=\"article:modified_time\" content=\"2023-11-10T14:52:17+00:00\" \/>\n<meta name=\"twitter:card\" content=\"summary_large_image\" \/>\n<meta name=\"twitter:label1\" content=\"Tiempo de lectura\" \/>\n\t<meta name=\"twitter:data1\" content=\"1 minuto\" \/>\n<script type=\"application\/ld+json\" class=\"yoast-schema-graph\">{\"@context\":\"https:\\\/\\\/schema.org\",\"@graph\":[{\"@type\":\"WebPage\",\"@id\":\"https:\\\/\\\/naticiudad.es\\\/index.php\\\/https-www-facebook-com-profile-phpid100004190987005\\\/\",\"url\":\"https:\\\/\\\/naticiudad.es\\\/index.php\\\/https-www-facebook-com-profile-phpid100004190987005\\\/\",\"name\":\"Contacta | Nati Ciudad Moda Baile Flamenco\",\"isPartOf\":{\"@id\":\"https:\\\/\\\/naticiudad.es\\\/#website\"},\"datePublished\":\"2021-10-11T03:05:31+00:00\",\"dateModified\":\"2023-11-10T14:52:17+00:00\",\"breadcrumb\":{\"@id\":\"https:\\\/\\\/naticiudad.es\\\/index.php\\\/https-www-facebook-com-profile-phpid100004190987005\\\/#breadcrumb\"},\"inLanguage\":\"es\",\"potentialAction\":[{\"@type\":\"ReadAction\",\"target\":[\"https:\\\/\\\/naticiudad.es\\\/index.php\\\/https-www-facebook-com-profile-phpid100004190987005\\\/\"]}]},{\"@type\":\"BreadcrumbList\",\"@id\":\"https:\\\/\\\/naticiudad.es\\\/index.php\\\/https-www-facebook-com-profile-phpid100004190987005\\\/#breadcrumb\",\"itemListElement\":[{\"@type\":\"ListItem\",\"position\":1,\"name\":\"Portada\",\"item\":\"https:\\\/\\\/naticiudad.es\\\/\"},{\"@type\":\"ListItem\",\"position\":2,\"name\":\"Contacta\"}]},{\"@type\":\"WebSite\",\"@id\":\"https:\\\/\\\/naticiudad.es\\\/#website\",\"url\":\"https:\\\/\\\/naticiudad.es\\\/\",\"name\":\"Nati Ciudad Moda Baile Flamenco\",\"description\":\"Venta de Trajes de flamenco\",\"publisher\":{\"@id\":\"https:\\\/\\\/naticiudad.es\\\/#organization\"},\"alternateName\":\"NatiCiudad\",\"potentialAction\":[{\"@type\":\"SearchAction\",\"target\":{\"@type\":\"EntryPoint\",\"urlTemplate\":\"https:\\\/\\\/naticiudad.es\\\/?s={search_term_string}\"},\"query-input\":{\"@type\":\"PropertyValueSpecification\",\"valueRequired\":true,\"valueName\":\"search_term_string\"}}],\"inLanguage\":\"es\"},{\"@type\":\"Organization\",\"@id\":\"https:\\\/\\\/naticiudad.es\\\/#organization\",\"name\":\"Nati Ciudad moda baile flamenco\",\"url\":\"https:\\\/\\\/naticiudad.es\\\/\",\"logo\":{\"@type\":\"ImageObject\",\"inLanguage\":\"es\",\"@id\":\"https:\\\/\\\/naticiudad.es\\\/#\\\/schema\\\/logo\\\/image\\\/\",\"url\":\"https:\\\/\\\/naticiudad.es\\\/wp-content\\\/uploads\\\/2023\\\/08\\\/cropped-WhatsApp-Image-2023-07-30-at-15.50.26-e1692556391377.jpeg\",\"contentUrl\":\"https:\\\/\\\/naticiudad.es\\\/wp-content\\\/uploads\\\/2023\\\/08\\\/cropped-WhatsApp-Image-2023-07-30-at-15.50.26-e1692556391377.jpeg\",\"width\":1099,\"height\":1529,\"caption\":\"Nati Ciudad moda baile flamenco\"},\"image\":{\"@id\":\"https:\\\/\\\/naticiudad.es\\\/#\\\/schema\\\/logo\\\/image\\\/\"},\"sameAs\":[\"https:\\\/\\\/www.tiktok.com\\\/@naaticiudad?_t=8gvQ35Ul5lZ&_r=1https:\\\/\\\/naticiudad.es\\\/index.php\\\/https-www-facebook-com-profile-phpid100004190987005\\\/\",\"https:\\\/\\\/www.instagram.com\\\/naticiudad\"]}]}<\/script>\n<!-- \/ Yoast SEO plugin. -->","yoast_head_json":{"title":"Contacta | Nati Ciudad Moda Baile Flamenco","robots":{"index":"index","follow":"follow","max-snippet":"max-snippet:-1","max-image-preview":"max-image-preview:large","max-video-preview":"max-video-preview:-1"},"canonical":"https:\/\/naticiudad.es\/index.php\/https-www-facebook-com-profile-phpid100004190987005\/","og_locale":"es_ES","og_type":"article","og_title":"Contacta | Nati Ciudad Moda Baile Flamenco","og_description":"Cont\u00e1ctanos","og_url":"https:\/\/naticiudad.es\/index.php\/https-www-facebook-com-profile-phpid100004190987005\/","og_site_name":"Nati Ciudad Moda Baile Flamenco","article_modified_time":"2023-11-10T14:52:17+00:00","twitter_card":"summary_large_image","twitter_misc":{"Tiempo de lectura":"1 minuto"},"schema":{"@context":"https:\/\/schema.org","@graph":[{"@type":"WebPage","@id":"https:\/\/naticiudad.es\/index.php\/https-www-facebook-com-profile-phpid100004190987005\/","url":"https:\/\/naticiudad.es\/index.php\/https-www-facebook-com-profile-phpid100004190987005\/","name":"Contacta | Nati Ciudad Moda Baile Flamenco","isPartOf":{"@id":"https:\/\/naticiudad.es\/#website"},"datePublished":"2021-10-11T03:05:31+00:00","dateModified":"2023-11-10T14:52:17+00:00","breadcrumb":{"@id":"https:\/\/naticiudad.es\/index.php\/https-www-facebook-com-profile-phpid100004190987005\/#breadcrumb"},"inLanguage":"es","potentialAction":[{"@type":"ReadAction","target":["https:\/\/naticiudad.es\/index.php\/https-www-facebook-com-profile-phpid100004190987005\/"]}]},{"@type":"BreadcrumbList","@id":"https:\/\/naticiudad.es\/index.php\/https-www-facebook-com-profile-phpid100004190987005\/#breadcrumb","itemListElement":[{"@type":"ListItem","position":1,"name":"Portada","item":"https:\/\/naticiudad.es\/"},{"@type":"ListItem","position":2,"name":"Contacta"}]},{"@type":"WebSite","@id":"https:\/\/naticiudad.es\/#website","url":"https:\/\/naticiudad.es\/","name":"Nati Ciudad Moda Baile Flamenco","description":"Venta de Trajes de flamenco","publisher":{"@id":"https:\/\/naticiudad.es\/#organization"},"alternateName":"NatiCiudad","potentialAction":[{"@type":"SearchAction","target":{"@type":"EntryPoint","urlTemplate":"https:\/\/naticiudad.es\/?s={search_term_string}"},"query-input":{"@type":"PropertyValueSpecification","valueRequired":true,"valueName":"search_term_string"}}],"inLanguage":"es"},{"@type":"Organization","@id":"https:\/\/naticiudad.es\/#organization","name":"Nati Ciudad moda baile flamenco","url":"https:\/\/naticiudad.es\/","logo":{"@type":"ImageObject","inLanguage":"es","@id":"https:\/\/naticiudad.es\/#\/schema\/logo\/image\/","url":"https:\/\/naticiudad.es\/wp-content\/uploads\/2023\/08\/cropped-WhatsApp-Image-2023-07-30-at-15.50.26-e1692556391377.jpeg","contentUrl":"https:\/\/naticiudad.es\/wp-content\/uploads\/2023\/08\/cropped-WhatsApp-Image-2023-07-30-at-15.50.26-e1692556391377.jpeg","width":1099,"height":1529,"caption":"Nati Ciudad moda baile flamenco"},"image":{"@id":"https:\/\/naticiudad.es\/#\/schema\/logo\/image\/"},"sameAs":["https:\/\/www.tiktok.com\/@naaticiudad?_t=8gvQ35Ul5lZ&_r=1https:\/\/naticiudad.es\/index.php\/https-www-facebook-com-profile-phpid100004190987005\/","https:\/\/www.instagram.com\/naticiudad"]}]}},"uagb_featured_image_src":{"full":false,"thumbnail":false,"medium":false,"medium_large":false,"large":false,"1536x1536":false,"2048x2048":false,"mailpoet_newsletter_max":false,"woocommerce_thumbnail":false,"woocommerce_single":false,"woocommerce_gallery_thumbnail":false},"uagb_author_info":{"display_name":"l.angel","author_link":"https:\/\/naticiudad.es\/index.php\/author\/naticiudad-es\/"},"uagb_comment_info":0,"uagb_excerpt":"Cont\u00e1ctanos","_links":{"self":[{"href":"https:\/\/naticiudad.es\/index.php\/wp-json\/wp\/v2\/pages\/1015","targetHints":{"allow":["GET"]}}],"collection":[{"href":"https:\/\/naticiudad.es\/index.php\/wp-json\/wp\/v2\/pages"}],"about":[{"href":"https:\/\/naticiudad.es\/index.php\/wp-json\/wp\/v2\/types\/page"}],"author":[{"embeddable":true,"href":"https:\/\/naticiudad.es\/index.php\/wp-json\/wp\/v2\/users\/1"}],"replies":[{"embeddable":true,"href":"https:\/\/naticiudad.es\/index.php\/wp-json\/wp\/v2\/comments?post=1015"}],"version-history":[{"count":21,"href":"https:\/\/naticiudad.es\/index.php\/wp-json\/wp\/v2\/pages\/1015\/revisions"}],"predecessor-version":[{"id":5478,"href":"https:\/\/naticiudad.es\/index.php\/wp-json\/wp\/v2\/pages\/1015\/revisions\/5478"}],"wp:attachment":[{"href":"https:\/\/naticiudad.es\/index.php\/wp-json\/wp\/v2\/media?parent=1015"}],"curies":[{"name":"wp","href":"https:\/\/api.w.org\/{rel}","templated":true}]}}