{"id":7890,"date":"2026-02-07T21:19:42","date_gmt":"2026-02-07T20:19:42","guid":{"rendered":"https:\/\/naticiudad.es\/?post_type=product&#038;p=7890"},"modified":"2026-03-16T17:50:59","modified_gmt":"2026-03-16T16:50:59","slug":"bata-nina-lunar-pequeno","status":"publish","type":"product","link":"https:\/\/naticiudad.es\/index.php\/product\/bata-nina-lunar-pequeno\/","title":{"rendered":"BATA NI\u00d1A LUNAR PEQUE\u00d1O"},"content":{"rendered":"<p>BATA DE NI\u00d1A DESDE LA TALLA 6 HASTA LA TALLA 12<\/p>\n","protected":false},"excerpt":{"rendered":"<p>BATA DE NI\u00d1A DESDE LA TALLA 6 HASTA LA TALLA 12<\/p>\n","protected":false},"featured_media":7911,"comment_status":"open","ping_status":"closed","template":"","meta":{"om_disable_all_campaigns":false,"_uag_custom_page_level_css":"","_monsterinsights_skip_tracking":false,"_monsterinsights_sitenote_active":false,"_monsterinsights_sitenote_note":"","_monsterinsights_sitenote_category":0,"site-sidebar-layout":"default","site-content-layout":"","ast-site-content-layout":"default","site-content-style":"default","site-sidebar-style":"default","ast-global-header-display":"","ast-banner-title-visibility":"","ast-main-header-display":"","ast-hfb-above-header-display":"","ast-hfb-below-header-display":"","ast-hfb-mobile-header-display":"","site-post-title":"","ast-breadcrumbs-content":"","ast-featured-img":"","footer-sml-layout":"","theme-transparent-header-meta":"default","adv-header-id-meta":"","stick-header-meta":"","header-above-stick-meta":"","header-main-stick-meta":"","header-below-stick-meta":"","astra-migrate-meta-layouts":"set"},"product_brand":[],"product_cat":[69,77],"product_tag":[],"class_list":{"0":"post-7890","1":"product","2":"type-product","3":"status-publish","4":"has-post-thumbnail","6":"product_cat-batas","7":"product_cat-ninas","8":"desktop-align-left","9":"tablet-align-left","10":"mobile-align-left","12":"first","13":"instock","14":"taxable","15":"shipping-taxable","16":"purchasable","17":"product-type-variable"},"yoast_head":"<!-- This site is optimized with the Yoast SEO plugin v27.3 - https:\/\/yoast.com\/product\/yoast-seo-wordpress\/ -->\n<title>BATA NI\u00d1A LUNAR PEQUE\u00d1O | Nati Ciudad Moda Baile Flamenco<\/title>\n<meta name=\"robots\" content=\"index, follow, max-snippet:-1, max-image-preview:large, max-video-preview:-1\" \/>\n<link rel=\"canonical\" href=\"https:\/\/naticiudad.es\/index.php\/product\/bata-nina-lunar-pequeno\/\" \/>\n<meta property=\"og:locale\" content=\"es_ES\" \/>\n<meta property=\"og:type\" content=\"article\" \/>\n<meta property=\"og:title\" content=\"BATA NI\u00d1A LUNAR PEQUE\u00d1O | Nati Ciudad Moda Baile Flamenco\" \/>\n<meta property=\"og:description\" content=\"BATA DE NI\u00d1A DESDE LA TALLA 6 HASTA LA TALLA 12\" \/>\n<meta property=\"og:url\" content=\"https:\/\/naticiudad.es\/index.php\/product\/bata-nina-lunar-pequeno\/\" \/>\n<meta property=\"og:site_name\" content=\"Nati Ciudad Moda Baile Flamenco\" \/>\n<meta property=\"article:modified_time\" content=\"2026-03-16T16:50:59+00:00\" \/>\n<meta property=\"og:image\" content=\"http:\/\/naticiudad.es\/wp-content\/uploads\/2026\/02\/00-scaled.jpeg\" \/>\n\t<meta property=\"og:image:width\" content=\"1867\" \/>\n\t<meta property=\"og:image:height\" content=\"2560\" \/>\n\t<meta property=\"og:image:type\" content=\"image\/jpeg\" \/>\n<meta name=\"twitter:card\" content=\"summary_large_image\" \/>\n<meta name=\"twitter:label1\" content=\"Tiempo de lectura\" \/>\n\t<meta name=\"twitter:data1\" content=\"1 minuto\" \/>\n<script type=\"application\/ld+json\" class=\"yoast-schema-graph\">{\"@context\":\"https:\\\/\\\/schema.org\",\"@graph\":[{\"@type\":\"WebPage\",\"@id\":\"https:\\\/\\\/naticiudad.es\\\/index.php\\\/product\\\/bata-nina-lunar-pequeno\\\/\",\"url\":\"https:\\\/\\\/naticiudad.es\\\/index.php\\\/product\\\/bata-nina-lunar-pequeno\\\/\",\"name\":\"BATA NI\u00d1A LUNAR PEQUE\u00d1O | Nati Ciudad Moda Baile Flamenco\",\"isPartOf\":{\"@id\":\"https:\\\/\\\/naticiudad.es\\\/#website\"},\"primaryImageOfPage\":{\"@id\":\"https:\\\/\\\/naticiudad.es\\\/index.php\\\/product\\\/bata-nina-lunar-pequeno\\\/#primaryimage\"},\"image\":{\"@id\":\"https:\\\/\\\/naticiudad.es\\\/index.php\\\/product\\\/bata-nina-lunar-pequeno\\\/#primaryimage\"},\"thumbnailUrl\":\"https:\\\/\\\/naticiudad.es\\\/wp-content\\\/uploads\\\/2026\\\/02\\\/00-scaled.jpeg\",\"datePublished\":\"2026-02-07T20:19:42+00:00\",\"dateModified\":\"2026-03-16T16:50:59+00:00\",\"breadcrumb\":{\"@id\":\"https:\\\/\\\/naticiudad.es\\\/index.php\\\/product\\\/bata-nina-lunar-pequeno\\\/#breadcrumb\"},\"inLanguage\":\"es\",\"potentialAction\":[{\"@type\":\"ReadAction\",\"target\":[\"https:\\\/\\\/naticiudad.es\\\/index.php\\\/product\\\/bata-nina-lunar-pequeno\\\/\"]}]},{\"@type\":\"ImageObject\",\"inLanguage\":\"es\",\"@id\":\"https:\\\/\\\/naticiudad.es\\\/index.php\\\/product\\\/bata-nina-lunar-pequeno\\\/#primaryimage\",\"url\":\"https:\\\/\\\/naticiudad.es\\\/wp-content\\\/uploads\\\/2026\\\/02\\\/00-scaled.jpeg\",\"contentUrl\":\"https:\\\/\\\/naticiudad.es\\\/wp-content\\\/uploads\\\/2026\\\/02\\\/00-scaled.jpeg\",\"width\":1867,\"height\":2560},{\"@type\":\"BreadcrumbList\",\"@id\":\"https:\\\/\\\/naticiudad.es\\\/index.php\\\/product\\\/bata-nina-lunar-pequeno\\\/#breadcrumb\",\"itemListElement\":[{\"@type\":\"ListItem\",\"position\":1,\"name\":\"Portada\",\"item\":\"https:\\\/\\\/naticiudad.es\\\/\"},{\"@type\":\"ListItem\",\"position\":2,\"name\":\"Tienda\",\"item\":\"https:\\\/\\\/naticiudad.es\\\/index.php\\\/tienda\\\/\"},{\"@type\":\"ListItem\",\"position\":3,\"name\":\"BATA NI\u00d1A LUNAR PEQUE\u00d1O\"}]},{\"@type\":\"WebSite\",\"@id\":\"https:\\\/\\\/naticiudad.es\\\/#website\",\"url\":\"https:\\\/\\\/naticiudad.es\\\/\",\"name\":\"Nati Ciudad Moda Baile Flamenco\",\"description\":\"Venta de Trajes de flamenco\",\"publisher\":{\"@id\":\"https:\\\/\\\/naticiudad.es\\\/#organization\"},\"alternateName\":\"NatiCiudad\",\"potentialAction\":[{\"@type\":\"SearchAction\",\"target\":{\"@type\":\"EntryPoint\",\"urlTemplate\":\"https:\\\/\\\/naticiudad.es\\\/?s={search_term_string}\"},\"query-input\":{\"@type\":\"PropertyValueSpecification\",\"valueRequired\":true,\"valueName\":\"search_term_string\"}}],\"inLanguage\":\"es\"},{\"@type\":\"Organization\",\"@id\":\"https:\\\/\\\/naticiudad.es\\\/#organization\",\"name\":\"Nati Ciudad moda baile flamenco\",\"url\":\"https:\\\/\\\/naticiudad.es\\\/\",\"logo\":{\"@type\":\"ImageObject\",\"inLanguage\":\"es\",\"@id\":\"https:\\\/\\\/naticiudad.es\\\/#\\\/schema\\\/logo\\\/image\\\/\",\"url\":\"https:\\\/\\\/naticiudad.es\\\/wp-content\\\/uploads\\\/2023\\\/08\\\/cropped-WhatsApp-Image-2023-07-30-at-15.50.26-e1692556391377.jpeg\",\"contentUrl\":\"https:\\\/\\\/naticiudad.es\\\/wp-content\\\/uploads\\\/2023\\\/08\\\/cropped-WhatsApp-Image-2023-07-30-at-15.50.26-e1692556391377.jpeg\",\"width\":1099,\"height\":1529,\"caption\":\"Nati Ciudad moda baile flamenco\"},\"image\":{\"@id\":\"https:\\\/\\\/naticiudad.es\\\/#\\\/schema\\\/logo\\\/image\\\/\"},\"sameAs\":[\"https:\\\/\\\/www.tiktok.com\\\/@naaticiudad?_t=8gvQ35Ul5lZ&_r=1https:\\\/\\\/naticiudad.es\\\/index.php\\\/https-www-facebook-com-profile-phpid100004190987005\\\/\",\"https:\\\/\\\/www.instagram.com\\\/naticiudad\"]}]}<\/script>\n<!-- \/ Yoast SEO plugin. -->","yoast_head_json":{"title":"BATA NI\u00d1A LUNAR PEQUE\u00d1O | Nati Ciudad Moda Baile Flamenco","robots":{"index":"index","follow":"follow","max-snippet":"max-snippet:-1","max-image-preview":"max-image-preview:large","max-video-preview":"max-video-preview:-1"},"canonical":"https:\/\/naticiudad.es\/index.php\/product\/bata-nina-lunar-pequeno\/","og_locale":"es_ES","og_type":"article","og_title":"BATA NI\u00d1A LUNAR PEQUE\u00d1O | Nati Ciudad Moda Baile Flamenco","og_description":"BATA DE NI\u00d1A DESDE LA TALLA 6 HASTA LA TALLA 12","og_url":"https:\/\/naticiudad.es\/index.php\/product\/bata-nina-lunar-pequeno\/","og_site_name":"Nati Ciudad Moda Baile Flamenco","article_modified_time":"2026-03-16T16:50:59+00:00","og_image":[{"width":1867,"height":2560,"url":"http:\/\/naticiudad.es\/wp-content\/uploads\/2026\/02\/00-scaled.jpeg","type":"image\/jpeg"}],"twitter_card":"summary_large_image","twitter_misc":{"Tiempo de lectura":"1 minuto"},"schema":{"@context":"https:\/\/schema.org","@graph":[{"@type":"WebPage","@id":"https:\/\/naticiudad.es\/index.php\/product\/bata-nina-lunar-pequeno\/","url":"https:\/\/naticiudad.es\/index.php\/product\/bata-nina-lunar-pequeno\/","name":"BATA NI\u00d1A LUNAR PEQUE\u00d1O | Nati Ciudad Moda Baile Flamenco","isPartOf":{"@id":"https:\/\/naticiudad.es\/#website"},"primaryImageOfPage":{"@id":"https:\/\/naticiudad.es\/index.php\/product\/bata-nina-lunar-pequeno\/#primaryimage"},"image":{"@id":"https:\/\/naticiudad.es\/index.php\/product\/bata-nina-lunar-pequeno\/#primaryimage"},"thumbnailUrl":"https:\/\/naticiudad.es\/wp-content\/uploads\/2026\/02\/00-scaled.jpeg","datePublished":"2026-02-07T20:19:42+00:00","dateModified":"2026-03-16T16:50:59+00:00","breadcrumb":{"@id":"https:\/\/naticiudad.es\/index.php\/product\/bata-nina-lunar-pequeno\/#breadcrumb"},"inLanguage":"es","potentialAction":[{"@type":"ReadAction","target":["https:\/\/naticiudad.es\/index.php\/product\/bata-nina-lunar-pequeno\/"]}]},{"@type":"ImageObject","inLanguage":"es","@id":"https:\/\/naticiudad.es\/index.php\/product\/bata-nina-lunar-pequeno\/#primaryimage","url":"https:\/\/naticiudad.es\/wp-content\/uploads\/2026\/02\/00-scaled.jpeg","contentUrl":"https:\/\/naticiudad.es\/wp-content\/uploads\/2026\/02\/00-scaled.jpeg","width":1867,"height":2560},{"@type":"BreadcrumbList","@id":"https:\/\/naticiudad.es\/index.php\/product\/bata-nina-lunar-pequeno\/#breadcrumb","itemListElement":[{"@type":"ListItem","position":1,"name":"Portada","item":"https:\/\/naticiudad.es\/"},{"@type":"ListItem","position":2,"name":"Tienda","item":"https:\/\/naticiudad.es\/index.php\/tienda\/"},{"@type":"ListItem","position":3,"name":"BATA NI\u00d1A LUNAR PEQUE\u00d1O"}]},{"@type":"WebSite","@id":"https:\/\/naticiudad.es\/#website","url":"https:\/\/naticiudad.es\/","name":"Nati Ciudad Moda Baile Flamenco","description":"Venta de Trajes de flamenco","publisher":{"@id":"https:\/\/naticiudad.es\/#organization"},"alternateName":"NatiCiudad","potentialAction":[{"@type":"SearchAction","target":{"@type":"EntryPoint","urlTemplate":"https:\/\/naticiudad.es\/?s={search_term_string}"},"query-input":{"@type":"PropertyValueSpecification","valueRequired":true,"valueName":"search_term_string"}}],"inLanguage":"es"},{"@type":"Organization","@id":"https:\/\/naticiudad.es\/#organization","name":"Nati Ciudad moda baile flamenco","url":"https:\/\/naticiudad.es\/","logo":{"@type":"ImageObject","inLanguage":"es","@id":"https:\/\/naticiudad.es\/#\/schema\/logo\/image\/","url":"https:\/\/naticiudad.es\/wp-content\/uploads\/2023\/08\/cropped-WhatsApp-Image-2023-07-30-at-15.50.26-e1692556391377.jpeg","contentUrl":"https:\/\/naticiudad.es\/wp-content\/uploads\/2023\/08\/cropped-WhatsApp-Image-2023-07-30-at-15.50.26-e1692556391377.jpeg","width":1099,"height":1529,"caption":"Nati Ciudad moda baile flamenco"},"image":{"@id":"https:\/\/naticiudad.es\/#\/schema\/logo\/image\/"},"sameAs":["https:\/\/www.tiktok.com\/@naaticiudad?_t=8gvQ35Ul5lZ&_r=1https:\/\/naticiudad.es\/index.php\/https-www-facebook-com-profile-phpid100004190987005\/","https:\/\/www.instagram.com\/naticiudad"]}]}},"uagb_featured_image_src":{"full":["https:\/\/naticiudad.es\/wp-content\/uploads\/2026\/02\/00-scaled.jpeg",1867,2560,false],"thumbnail":["https:\/\/naticiudad.es\/wp-content\/uploads\/2026\/02\/00-150x150.jpeg",150,150,true],"medium":["https:\/\/naticiudad.es\/wp-content\/uploads\/2026\/02\/00-219x300.jpeg",219,300,true],"medium_large":["https:\/\/naticiudad.es\/wp-content\/uploads\/2026\/02\/00-768x1053.jpeg",768,1053,true],"large":["https:\/\/naticiudad.es\/wp-content\/uploads\/2026\/02\/00-747x1024.jpeg",747,1024,true],"1536x1536":["https:\/\/naticiudad.es\/wp-content\/uploads\/2026\/02\/00-1120x1536.jpeg",1120,1536,true],"2048x2048":["https:\/\/naticiudad.es\/wp-content\/uploads\/2026\/02\/00-1494x2048.jpeg",1494,2048,true],"mailpoet_newsletter_max":["https:\/\/naticiudad.es\/wp-content\/uploads\/2026\/02\/00-1320x1810.jpeg",1320,1810,true],"woocommerce_thumbnail":["https:\/\/naticiudad.es\/wp-content\/uploads\/2026\/02\/00-300x300.jpeg",300,300,true],"woocommerce_single":["https:\/\/naticiudad.es\/wp-content\/uploads\/2026\/02\/00-600x823.jpeg",600,823,true],"woocommerce_gallery_thumbnail":["https:\/\/naticiudad.es\/wp-content\/uploads\/2026\/02\/00-100x100.jpeg",100,100,true]},"uagb_author_info":{"display_name":"nati","author_link":"https:\/\/naticiudad.es\/index.php\/author\/"},"uagb_comment_info":0,"uagb_excerpt":"BATA DE NI\u00d1A DESDE LA TALLA 6 HASTA LA TALLA 12","_links":{"self":[{"href":"https:\/\/naticiudad.es\/index.php\/wp-json\/wp\/v2\/product\/7890","targetHints":{"allow":["GET"]}}],"collection":[{"href":"https:\/\/naticiudad.es\/index.php\/wp-json\/wp\/v2\/product"}],"about":[{"href":"https:\/\/naticiudad.es\/index.php\/wp-json\/wp\/v2\/types\/product"}],"replies":[{"embeddable":true,"href":"https:\/\/naticiudad.es\/index.php\/wp-json\/wp\/v2\/comments?post=7890"}],"wp:featuredmedia":[{"embeddable":true,"href":"https:\/\/naticiudad.es\/index.php\/wp-json\/wp\/v2\/media\/7911"}],"wp:attachment":[{"href":"https:\/\/naticiudad.es\/index.php\/wp-json\/wp\/v2\/media?parent=7890"}],"wp:term":[{"taxonomy":"product_brand","embeddable":true,"href":"https:\/\/naticiudad.es\/index.php\/wp-json\/wp\/v2\/product_brand?post=7890"},{"taxonomy":"product_cat","embeddable":true,"href":"https:\/\/naticiudad.es\/index.php\/wp-json\/wp\/v2\/product_cat?post=7890"},{"taxonomy":"product_tag","embeddable":true,"href":"https:\/\/naticiudad.es\/index.php\/wp-json\/wp\/v2\/product_tag?post=7890"}],"curies":[{"name":"wp","href":"https:\/\/api.w.org\/{rel}","templated":true}]}}